 common divisor of 2142 and 136.
34
What is the greatest common divisor of 1246 and 14?
14
What is the highest common divisor of 54 and 78?
6
What is the highest common divisor of 234 and 10413?
117
What is the greatest common factor of 5724 and 81?
27
What is the highest common factor of 61 and 1891?
61
What is the highest common divisor of 128 and 7648?
32
Calculate the greatest common factor of 693 and 1188.
99
Calculate the highest common factor of 25 and 2.
1
What is the highest common divisor of 1118 and 52?
26
What is the greatest common divisor of 160 and 128?
32
Calculate the highest common factor of 2598 and 6.
6
Calculate the highest common factor of 205 and 100.
5
Calculate the greatest common factor of 13 and 1937.
13
Calculate the greatest common divisor of 104 and 24.
8
What is the greatest common factor of 60 and 84?
12
What is the greatest common divisor of 279 and 5673?
93
What is the highest common divisor of 44 and 1892?
44
Calculate the highest common divisor of 192 and 120.
24
What is the greatest common divisor of 4114 and 68?
34
Calculate the greatest common divisor of 272 and 1568.
16
Calculate the highest common divisor of 42 and 66.
6
What is the highest common divisor of 33 and 561?
33
What is the greatest common divisor of 24 and 4608?
24
What is the highest common factor of 4 and 226?
2
What is the highest common factor of 36 and 17772?
12
Calculate the highest common factor of 87 and 3.
3
What is the highest common divisor of 200 and 110?
10
What is the highest common divisor of 130 and 7150?
130
Calculate the highest common factor of 472 and 118.
118
What is the greatest common divisor of 732 and 96?
12
What is the greatest common factor of 831 and 6?
3
What is the greatest common divisor of 9659 and 13?
13
Calculate the greatest common divisor of 1127 and 92.
23
Calculate the highest common factor of 1273 and 608.
19
Calculate the highest common divisor of 10 and 875.
5
Calculate the greatest common divisor of 12 and 2064.
12
Calculate the highest common divisor of 2109 and 888.
111
Calculate the greatest common factor of 2 and 162.
2
Calculate the highest common divisor of 1631 and 35.
7
Calculate the greatest common divisor of 567 and 119.
7
Calculate the highest common divisor of 1 and 617.
1
Calculate the greatest common divisor of 132 and 99.
33
Calculate the highest common factor of 312 and 28236.
156
Calculate the greatest common factor of 49 and 203.
7
Calculate the highest common factor of 1105 and 85.
85
What is the highest common factor of 35 and 91?
7
Calculate the greatest common factor of 3670 and 50.
10
What is the greatest common factor of 3 and 5?
1
Calculate the greatest common divisor of 74 and 111.
37
What is the greatest common factor of 767 and 59?
59
What is the greatest common factor of 56 and 287?
7
Calculate the greatest common divisor of 11034 and 36.
18
What is the greatest common divisor of 1952 and 61?
61
Calculate the greatest common factor of 534 and 30.
6
What is the greatest common divisor of 8844 and 396?
132
What is the greatest common divisor of 12 and 10364?
4
Calculate the greatest common factor of 12 and 150.
6
What is the highest common factor of 1120 and 4?
4
What is the highest common factor of 38 and 10849?
19
Calculate the greatest common factor of 6852 and 12.
12
What is the greatest common factor of 3 and 461?
1
Calculate the greatest common factor of 312 and 234.
78
Calculate the highest common divisor of 870 and 60.
30
What is the greatest common divisor of 1312 and 6?
2
Calculate the highest common factor of 170 and 30.
10
Calculate the greatest common divisor of 126 and 168.
42
What is the highest common factor of 73728 and 144?
144
What is the highest common factor of 343 and 42?
7
What is the greatest common divisor of 472 and 3068?
236
What is the greatest common factor of 12 and 128?
4
Calculate the highest common factor of 112 and 7.
7
What is the highest common factor of 396 and 2288?
44
What is the highest common divisor of 765 and 4437?
153
Calculate the highest common divisor of 2 and 1753.
1
Calculate the greatest common factor of 204 and 8874.
102
Calculate the greatest common factor of 3078 and 38.
38
Calculate the greatest common factor of 938 and 14.
14
What is the highest common factor of 288 and 1629?
9
Calculate the greatest common divisor of 176 and 11000.
88
What is the greatest common factor of 2010 and 20?
10
What is the greatest common divisor of 11 and 2189?
11
What is the greatest common divisor of 21 and 79?
1
Calculate the greatest common divisor of 112 and 644.
28
What is the highest common factor of 15 and 10995?
15
Calculate the greatest common factor of 46 and 207.
23
Calculate the greatest common factor of 152 and 77824.
152
What is the highest common divisor of 147 and 6027?
147
What is the greatest common divisor of 116 and 1856?
116
What is the highest common divisor of 1176 and 14?
14
Calculate the greatest common factor of 105 and 1925.
35
Calculate the greatest common divisor of 1870 and 1540.
110
Calculate the greatest common divisor of 66 and 264.
66
What is the greatest common factor of 1600 and 275?
25
Calculate the greatest common factor of 16152 and 24.
24
What is the highest common divisor of 894 and 24?
6
Calculate the greatest common divisor of 55 and 1034.
11
Calculate the highest common factor of 152 and 114.
38
Calculate the highest common factor of 224 and 160.
32
What is the greatest common divisor of 42 and 26754?
42
What is the greatest common divisor of 1485 and 2295?
135
What is the highest common divisor of 1397 and 88?
11
Calculate the highest common factor of 38 and 475.
19
What is the greatest common divisor of 6 and 5?
1
Calculate the greatest common divisor of 1370 and 959.
137
What is the highest common divisor of 40 and 1880?
40
What is the highest common factor of 26 and 481?
13
Calculate the highest common factor of 260 and 36.
4
What is the greatest common factor of 17 and 391?
17
What is the highest common divisor of 77 and 77?
77
What is the greatest common divisor of 11849 and 17?
17
What is the greatest common divisor of 2268 and 1260?
252
What is the greatest common divisor of 16 and 20?
4
Calculate the highest common factor of 275 and 220.
55
Calculate the highest common factor of 238 and 4.
2
Calculate the greatest common factor of 1232 and 5152.
112
Calculate the greatest common factor of 122 and 549.
61
What is the highest common divisor of 224 and 56?
56
Calculate the highest common factor of 3078 and 2106.
162
Calculate the highest common divisor of 1596 and 76.
76
What is the highest common factor of 7 and 1183?
7
Calculate the greatest common factor of 13 and 273.
13
Calculate the greatest common factor of 48 and 96.
48
Calculate the highest common factor of 296 and 16.
8
What is the highest common divisor of 3068 and 104?
52
Calculate the greatest common factor of 60 and 410.
10
What is the highest common divisor of 16 and 4112?
16
What is the highest common divisor of 453 and 1208?
151
Calculate the highest common factor of 35 and 11095.
35
What is the greatest common divisor of 1653 and 261?
87
Calculate the greatest common factor of 506 and 138.
46
What is the highest common factor of 290 and 10?
10
Calculate the greatest common factor of 55 and 517.
11
Calculate the greatest common factor of 1463 and 154.
77
Calculate the greatest common divisor of 4 and 482.
2
What is the greatest common factor of 138 and 9706?
46
What is the highest common factor of 117 and 1911?
39
Calculate the highest common factor of 28 and 1498.
14
What is the highest common divisor of 145 and 87?
29
Calculate the highest common factor of 1270 and 20.
10
What is the greatest common divisor of 124 and 279?
31
Calculate the greatest common divisor of 392 and 343.
49
What is the highest common factor of 1615 and 3135?
95
What is the greatest common factor of 589 and 19?
19
Calculate the highest common factor of 92 and 115.
23
Calculate the greatest common divisor of 4992 and 273.
39
Calculate the greatest common factor of 99 and 36333.
99
What is the highest common factor of 162 and 14472?
54
Calculate the highest common factor of 39 and 91.
13
Calculate the greatest common factor of 27 and 45.
9
What i